{"id":3,"date":"2025-10-24T01:37:39","date_gmt":"2025-10-24T01:37:39","guid":{"rendered":"https:\/\/diencongnghiepphutho.com\/?page_id=3"},"modified":"2025-10-30T02:04:59","modified_gmt":"2025-10-30T02:04:59","slug":"privacy-policy","status":"publish","type":"page","link":"https:\/\/diencongnghiepphutho.com\/?page_id=3","title":{"rendered":"Privacy Policy"},"content":{"rendered":"\t\t<div data-elementor-type=\"wp-page\" data-elementor-id=\"3\" class=\"elementor elementor-3\" data-elementor-post-type=\"page\">\n\t\t\t\t<div class=\"elementor-element elementor-element-63e37b1f e-flex e-con-boxed e-con e-parent\" data-id=\"63e37b1f\" data-element_type=\"container\">\n\t\t\t\t\t<div class=\"e-con-inner\">\n\t\t\t\t<div class=\"elementor-element elementor-element-1924138c elementor-widget elementor-widget-text-editor\" data-id=\"1924138c\" data-element_type=\"widget\" data-widget_type=\"text-editor.default\">\n\t\t\t\t\t\t\t\t\t<h1 data-start=\"247\" data-end=\"283\"><strong data-start=\"249\" data-end=\"281\">CH\u00cdNH S\u00c1CH B\u1ea2O M\u1eacT TH\u00d4NG TIN<\/strong><\/h1>\n<p data-start=\"284\" data-end=\"699\"><strong data-start=\"284\" data-end=\"331\">C\u00d4NG TY TNHH THI\u1ebeT B\u1eca V\u00c0 PH\u1ee4 KI\u1ec6N HO\u00c0NG ANH<\/strong> c\u00f4ng b\u1ed1 Ch\u00ednh s\u00e1ch b\u1ea3o m\u1eadt n\u00e0y nh\u1eb1m gi\u00fap Qu\u00fd kh\u00e1ch hi\u1ec3u r\u00f5 v\u1ec1 nh\u1eefng th\u00f4ng tin m\u00e0 ch\u00fang t\u00f4i thu th\u1eadp, l\u00fd do ch\u00fang t\u00f4i thu th\u1eadp, c\u0169ng nh\u01b0 c\u00e1ch th\u1ee9c Qu\u00fd kh\u00e1ch c\u00f3 th\u1ec3 qu\u1ea3n l\u00fd, c\u1eadp nh\u1eadt ho\u1eb7c y\u00eau c\u1ea7u x\u00f3a b\u1ecf th\u00f4ng tin c\u1ee7a m\u00ecnh.<br data-start=\"552\" data-end=\"555\" \/>Ch\u00fang t\u00f4i cam k\u1ebft n\u1ed7 l\u1ef1c cao nh\u1ea5t \u0111\u1ec3 b\u1ea3o m\u1eadt th\u00f4ng tin c\u00e1 nh\u00e2n c\u1ee7a Qu\u00fd kh\u00e1ch, mang l\u1ea1i tr\u1ea3i nghi\u1ec7m mua s\u1eafm v\u00e0 s\u1eed d\u1ee5ng d\u1ecbch v\u1ee5 an to\u00e0n, ti\u1ec7n l\u1ee3i.<\/p>\n<hr data-start=\"701\" data-end=\"704\" \/>\n<h3 data-start=\"706\" data-end=\"768\"><strong data-start=\"710\" data-end=\"766\">1. M\u1ee5c \u0111\u00edch v\u00e0 ph\u1ea1m vi thu th\u1eadp th\u00f4ng tin ng\u01b0\u1eddi d\u00f9ng<\/strong><\/h3>\n<p data-start=\"769\" data-end=\"895\">Ch\u00fang t\u00f4i thu th\u1eadp th\u00f4ng tin c\u00e1 nh\u00e2n c\u1ee7a Qu\u00fd kh\u00e1ch nh\u1eb1m ph\u1ee5c v\u1ee5 cho c\u00e1c ho\u1ea1t \u0111\u1ed9ng giao d\u1ecbch v\u00e0 ch\u0103m s\u00f3c kh\u00e1ch h\u00e0ng, bao g\u1ed3m:<\/p>\n<ul data-start=\"896\" data-end=\"1259\">\n<li data-start=\"896\" data-end=\"989\">\n<p data-start=\"898\" data-end=\"989\">H\u1ecd t\u00ean, s\u1ed1 \u0111i\u1ec7n tho\u1ea1i, \u0111\u1ecba ch\u1ec9 giao h\u00e0ng, email, th\u00f4ng tin \u0111\u01a1n h\u00e0ng ho\u1eb7c y\u00eau c\u1ea7u d\u1ecbch v\u1ee5.<\/p>\n<\/li>\n<li data-start=\"990\" data-end=\"1147\">\n<p data-start=\"992\" data-end=\"1147\">Th\u00f4ng tin v\u1ec1 h\u00e0nh vi truy c\u1eadp website: s\u1ed1 l\u1ea7n truy c\u1eadp, trang \u0111\u01b0\u1ee3c xem, li\u00ean k\u1ebft \u0111\u01b0\u1ee3c nh\u1ea5p, \u0111\u1ecba ch\u1ec9 IP, lo\u1ea1i tr\u00ecnh duy\u1ec7t, ng\u00f4n ng\u1eef v\u00e0 th\u1eddi gian truy c\u1eadp.<\/p>\n<\/li>\n<li data-start=\"1148\" data-end=\"1259\">\n<p data-start=\"1150\" data-end=\"1259\">C\u00e1c th\u00f4ng tin n\u00e0y gi\u00fap ch\u00fang t\u00f4i c\u1ea3i thi\u1ec7n ch\u1ea5t l\u01b0\u1ee3ng d\u1ecbch v\u1ee5, h\u1ed7 tr\u1ee3 kh\u00e1ch h\u00e0ng nhanh ch\u00f3ng v\u00e0 hi\u1ec7u qu\u1ea3 h\u01a1n.<\/p>\n<\/li>\n<\/ul>\n<hr data-start=\"1261\" data-end=\"1264\" \/>\n<h3 data-start=\"1266\" data-end=\"1304\"><strong data-start=\"1270\" data-end=\"1302\">2. Ph\u1ea1m vi s\u1eed d\u1ee5ng th\u00f4ng tin<\/strong><\/h3>\n<p data-start=\"1305\" data-end=\"1425\">Th\u00f4ng tin c\u00e1 nh\u00e2n c\u1ee7a Qu\u00fd kh\u00e1ch \u0111\u01b0\u1ee3c <strong data-start=\"1342\" data-end=\"1389\">C\u00d4NG TY TNHH THI\u1ebeT B\u1eca V\u00c0 PH\u1ee4 KI\u1ec6N HO\u00c0NG ANH<\/strong> s\u1eed d\u1ee5ng trong c\u00e1c tr\u01b0\u1eddng h\u1ee3p sau:<\/p>\n<ul data-start=\"1426\" data-end=\"1798\">\n<li data-start=\"1426\" data-end=\"1510\">\n<p data-start=\"1428\" data-end=\"1510\">X\u1eed l\u00fd \u0111\u01a1n h\u00e0ng: x\u00e1c nh\u1eadn, th\u00f4ng b\u00e1o tr\u1ea1ng th\u00e1i, giao h\u00e0ng ho\u1eb7c h\u1ee7y \u0111\u01a1n (n\u1ebfu c\u00f3).<\/p>\n<\/li>\n<li data-start=\"1511\" data-end=\"1589\">\n<p data-start=\"1513\" data-end=\"1589\">G\u1eedi th\u01b0 c\u1ea3m \u01a1n, gi\u1edbi thi\u1ec7u s\u1ea3n ph\u1ea9m, d\u1ecbch v\u1ee5 ho\u1eb7c ch\u01b0\u01a1ng tr\u00ecnh khuy\u1ebfn m\u00e3i.<\/p>\n<\/li>\n<li data-start=\"1590\" data-end=\"1635\">\n<p data-start=\"1592\" data-end=\"1635\">G\u1eedi th\u00f4ng tin b\u1ea3o h\u00e0nh, b\u1ea3o tr\u00ec s\u1ea3n ph\u1ea9m.<\/p>\n<\/li>\n<li data-start=\"1636\" data-end=\"1686\">\n<p data-start=\"1638\" data-end=\"1686\">Ch\u0103m s\u00f3c kh\u00e1ch h\u00e0ng, kh\u1ea3o s\u00e1t m\u1ee9c \u0111\u1ed9 h\u00e0i l\u00f2ng.<\/p>\n<\/li>\n<li data-start=\"1687\" data-end=\"1729\">\n<p data-start=\"1689\" data-end=\"1729\">Gi\u1ea3i quy\u1ebft khi\u1ebfu n\u1ea1i, h\u1ed7 tr\u1ee3 k\u1ef9 thu\u1eadt.<\/p>\n<\/li>\n<li data-start=\"1730\" data-end=\"1798\">\n<p data-start=\"1732\" data-end=\"1798\">Th\u1ef1c hi\u1ec7n ngh\u0129a v\u1ee5 ph\u00e1p l\u00fd theo y\u00eau c\u1ea7u c\u1ee7a c\u01a1 quan c\u00f3 th\u1ea9m quy\u1ec1n.<\/p>\n<\/li>\n<\/ul>\n<hr data-start=\"1800\" data-end=\"1803\" \/>\n<h3 data-start=\"1805\" data-end=\"1845\"><strong data-start=\"1809\" data-end=\"1843\">3. Th\u1eddi gian l\u01b0u tr\u1eef th\u00f4ng tin<\/strong><\/h3>\n<ul data-start=\"1846\" data-end=\"2120\">\n<li data-start=\"1846\" data-end=\"1965\">\n<p data-start=\"1848\" data-end=\"1965\">D\u1eef li\u1ec7u c\u00e1 nh\u00e2n c\u1ee7a Qu\u00fd kh\u00e1ch s\u1ebd \u0111\u01b0\u1ee3c l\u01b0u tr\u1eef cho \u0111\u1ebfn khi c\u00f3 y\u00eau c\u1ea7u h\u1ee7y b\u1ecf b\u1eb1ng v\u0103n b\u1ea3n ho\u1eb7c \u0111i\u1ec7n t\u1eed t\u1eeb Qu\u00fd kh\u00e1ch.<\/p>\n<\/li>\n<li data-start=\"1966\" data-end=\"2120\">\n<p data-start=\"1968\" data-end=\"2120\">Tr\u01b0\u1eddng h\u1ee3p kh\u00f4ng c\u00f3 y\u00eau c\u1ea7u h\u1ee7y b\u1ecf, th\u00f4ng tin s\u1ebd \u0111\u01b0\u1ee3c b\u1ea3o m\u1eadt l\u01b0u tr\u1eef an to\u00e0n tr\u00ean h\u1ec7 th\u1ed1ng m\u00e1y ch\u1ee7 c\u1ee7a <strong data-start=\"2072\" data-end=\"2119\">C\u00f4ng ty TNHH Thi\u1ebft B\u1ecb v\u00e0 Ph\u1ee5 Ki\u1ec7n Ho\u00e0ng Anh<\/strong>.<\/p>\n<\/li>\n<\/ul>\n<hr data-start=\"2122\" data-end=\"2125\" \/>\n<h3 data-start=\"2127\" data-end=\"2196\"><strong data-start=\"2131\" data-end=\"2194\">4. \u0110\u1ecba ch\u1ec9 c\u1ee7a \u0111\u01a1n v\u1ecb thu th\u1eadp v\u00e0 qu\u1ea3n l\u00fd th\u00f4ng tin c\u00e1 nh\u00e2n<\/strong><\/h3>\n<p data-start=\"2197\" data-end=\"2246\"><strong data-start=\"2197\" data-end=\"2244\">C\u00d4NG TY TNHH THI\u1ebeT B\u1eca V\u00c0 PH\u1ee4 KI\u1ec6N HO\u00c0NG ANH<\/strong><\/p>\n<ul data-start=\"2247\" data-end=\"2573\">\n<li data-start=\"2247\" data-end=\"2389\">\n<p data-start=\"2249\" data-end=\"2389\"><strong data-start=\"2249\" data-end=\"2274\">V\u0103n ph\u00f2ng \/ Kho h\u00e0ng:<\/strong> T\u1ee9 K\u1ef3, V\u0129nh T\u01b0\u1eddng, Ph\u00fa Th\u1ecd<\/p>\n<\/li>\n<li data-start=\"2390\" data-end=\"2454\">\n<p data-start=\"2392\" data-end=\"2454\"><strong data-start=\"2392\" data-end=\"2407\">\u0110i\u1ec7n tho\u1ea1i:<\/strong>\u00a0Mr H\u00f9ng 0976.094.955<\/p>\n<\/li>\n<li data-start=\"2455\" data-end=\"2517\">\n<p data-start=\"2457\" data-end=\"2517\"><strong data-start=\"2457\" data-end=\"2467\">Email:<\/strong>\u00a0thietbiphukienhoanganh@gmail.com<\/p>\n<\/li>\n<li data-start=\"2518\" data-end=\"2573\">\n<p data-start=\"2520\" data-end=\"2573\"><strong data-start=\"2520\" data-end=\"2532\">Website:<\/strong>\u00a0<a href=\"https:\/\/diencongnghiepphutho.com\">diencongnghiepphutho.com<\/a><\/p>\n<\/li>\n<\/ul>\n<hr data-start=\"2575\" data-end=\"2578\" \/>\n<h3 data-start=\"2580\" data-end=\"2607\"><strong data-start=\"2584\" data-end=\"2605\">5. S\u1eed d\u1ee5ng Cookie<\/strong><\/h3>\n<ul data-start=\"2608\" data-end=\"3167\">\n<li data-start=\"2608\" data-end=\"2710\">\n<p data-start=\"2610\" data-end=\"2710\">Cookie l\u00e0 t\u1ec7p v\u0103n b\u1ea3n nh\u1ecf \u0111\u01b0\u1ee3c l\u01b0u tr\u00ean thi\u1ebft b\u1ecb c\u1ee7a Qu\u00fd kh\u00e1ch khi truy c\u1eadp website c\u1ee7a ch\u00fang t\u00f4i.<\/p>\n<\/li>\n<li data-start=\"2711\" data-end=\"2829\">\n<p data-start=\"2713\" data-end=\"2829\">Cookie gi\u00fap ghi nh\u1edb th\u00f4ng tin \u0111\u0103ng nh\u1eadp, gi\u1ecf h\u00e0ng v\u00e0 c\u00e1c thi\u1ebft l\u1eadp c\u00e1 nh\u00e2n \u0111\u1ec3 mang l\u1ea1i tr\u1ea3i nghi\u1ec7m thu\u1eadn ti\u1ec7n h\u01a1n.<\/p>\n<\/li>\n<li data-start=\"2830\" data-end=\"2968\">\n<p data-start=\"2832\" data-end=\"2968\">Qu\u00fd kh\u00e1ch c\u00f3 th\u1ec3 t\u1eeb ch\u1ed1i s\u1eed d\u1ee5ng cookie th\u00f4ng qua c\u00e0i \u0111\u1eb7t tr\u00ecnh duy\u1ec7t, tuy nhi\u00ean \u0111i\u1ec1u n\u00e0y c\u00f3 th\u1ec3 h\u1ea1n ch\u1ebf m\u1ed9t s\u1ed1 ch\u1ee9c n\u0103ng c\u1ee7a website.<\/p>\n<\/li>\n<li data-start=\"2969\" data-end=\"3167\">\n<p data-start=\"2971\" data-end=\"3167\">Cookie c\u1ee7a ch\u00fang t\u00f4i kh\u00f4ng ch\u1ee9a th\u00f4ng tin c\u00e1 nh\u00e2n v\u00e0 ho\u00e0n to\u00e0n an to\u00e0n v\u1edbi thi\u1ebft b\u1ecb c\u1ee7a Qu\u00fd kh\u00e1ch.<br data-start=\"3069\" data-end=\"3072\" \/>\u0110\u1ec3 t\u00ecm hi\u1ec3u th\u00eam, vui l\u00f2ng tham kh\u1ea3o: <a class=\"decorated-link\" href=\"http:\/\/www.allaboutcookies.org\" target=\"_new\" rel=\"noopener\" data-start=\"3110\" data-end=\"3167\">www.allaboutcookies.org<\/a><\/p>\n<\/li>\n<\/ul>\n<hr data-start=\"3169\" data-end=\"3172\" \/>\n<h3 data-start=\"3174\" data-end=\"3204\"><strong data-start=\"3178\" data-end=\"3202\">6. B\u1ea3o m\u1eadt th\u00f4ng tin<\/strong><\/h3>\n<p data-start=\"3205\" data-end=\"3331\">Ch\u00fang t\u00f4i cam k\u1ebft kh\u00f4ng chia s\u1ebb, ti\u1ebft l\u1ed9 hay chuy\u1ec3n giao th\u00f4ng tin c\u00e1 nh\u00e2n c\u1ee7a Qu\u00fd kh\u00e1ch cho b\u00ean th\u1ee9 ba, tr\u1eeb c\u00e1c tr\u01b0\u1eddng h\u1ee3p:<\/p>\n<ul data-start=\"3332\" data-end=\"3555\">\n<li data-start=\"3332\" data-end=\"3363\">\n<p data-start=\"3334\" data-end=\"3363\">C\u00f3 s\u1ef1 \u0111\u1ed3ng \u00fd c\u1ee7a Qu\u00fd kh\u00e1ch;<\/p>\n<\/li>\n<li data-start=\"3364\" data-end=\"3478\">\n<p data-start=\"3366\" data-end=\"3478\">C\u1ea7n thi\u1ebft \u0111\u1ec3 th\u1ef1c hi\u1ec7n giao d\u1ecbch (v\u00ed d\u1ee5: cung c\u1ea5p th\u00f4ng tin cho \u0111\u01a1n v\u1ecb v\u1eadn chuy\u1ec3n ho\u1eb7c nh\u00e0 s\u1ea3n xu\u1ea5t b\u1ea3o h\u00e0nh);<\/p>\n<\/li>\n<li data-start=\"3479\" data-end=\"3555\">\n<p data-start=\"3481\" data-end=\"3555\">Theo y\u00eau c\u1ea7u c\u1ee7a c\u01a1 quan nh\u00e0 n\u01b0\u1edbc c\u00f3 th\u1ea9m quy\u1ec1n theo quy \u0111\u1ecbnh ph\u00e1p lu\u1eadt.<\/p>\n<\/li>\n<\/ul>\n<p data-start=\"3557\" data-end=\"3581\"><strong data-start=\"3557\" data-end=\"3579\">Bi\u1ec7n ph\u00e1p b\u1ea3o m\u1eadt:<\/strong><\/p>\n<ul data-start=\"3582\" data-end=\"3791\">\n<li data-start=\"3582\" data-end=\"3675\">\n<p data-start=\"3584\" data-end=\"3675\">Th\u00f4ng tin kh\u00e1ch h\u00e0ng \u0111\u01b0\u1ee3c l\u01b0u tr\u1eef trong h\u1ec7 th\u1ed1ng c\u00f3 l\u1edbp b\u1ea3o v\u1ec7 an to\u00e0n v\u1eadt l\u00fd v\u00e0 \u0111i\u1ec7n t\u1eed.<\/p>\n<\/li>\n<li data-start=\"3676\" data-end=\"3791\">\n<p data-start=\"3678\" data-end=\"3791\">H\u1ec7 th\u1ed1ng th\u01b0\u1eddng xuy\u00ean \u0111\u01b0\u1ee3c ki\u1ec3m tra v\u00e0 c\u1eadp nh\u1eadt \u0111\u1ec3 ng\u0103n ch\u1eb7n truy c\u1eadp tr\u00e1i ph\u00e9p, m\u1ea5t m\u00e1t ho\u1eb7c l\u1ea1m d\u1ee5ng d\u1eef li\u1ec7u.<\/p>\n<\/li>\n<\/ul>\n<p data-start=\"3793\" data-end=\"3816\"><strong data-start=\"3793\" data-end=\"3814\">C\u1ea3nh b\u00e1o b\u1ea3o m\u1eadt:<\/strong><\/p>\n<ul data-start=\"3817\" data-end=\"4052\">\n<li data-start=\"3817\" data-end=\"3884\">\n<p data-start=\"3819\" data-end=\"3884\">Qu\u00fd kh\u00e1ch kh\u00f4ng n\u00ean chia s\u1ebb th\u00f4ng tin thanh to\u00e1n v\u1edbi b\u1ea5t k\u1ef3 ai.<\/p>\n<\/li>\n<li data-start=\"3885\" data-end=\"3971\">\n<p data-start=\"3887\" data-end=\"3971\">Kh\u00f4ng s\u1eed d\u1ee5ng c\u00f4ng c\u1ee5 hay ph\u1ea7n m\u1ec1m can thi\u1ec7p tr\u00e1i ph\u00e9p v\u00e0o h\u1ec7 th\u1ed1ng c\u1ee7a ch\u00fang t\u00f4i.<\/p>\n<\/li>\n<li data-start=\"3972\" data-end=\"4052\">\n<p data-start=\"3974\" data-end=\"4052\">Qu\u00fd kh\u00e1ch ch\u1ecbu tr\u00e1ch nhi\u1ec7m v\u1ec1 t\u00ednh ch\u00ednh x\u00e1c c\u1ee7a th\u00f4ng tin c\u00e1 nh\u00e2n cung c\u1ea5p.<\/p>\n<\/li>\n<\/ul>\n<hr data-start=\"4054\" data-end=\"4057\" \/>\n<h3 data-start=\"4059\" data-end=\"4096\"><strong data-start=\"4063\" data-end=\"4094\">7. Quy\u1ec1n l\u1ee3i c\u1ee7a kh\u00e1ch h\u00e0ng<\/strong><\/h3>\n<ul data-start=\"4097\" data-end=\"4434\">\n<li data-start=\"4097\" data-end=\"4191\">\n<p data-start=\"4099\" data-end=\"4191\">Qu\u00fd kh\u00e1ch c\u00f3 quy\u1ec1n truy c\u1eadp, ki\u1ec3m tra, c\u1eadp nh\u1eadt ho\u1eb7c y\u00eau c\u1ea7u x\u00f3a d\u1eef li\u1ec7u c\u00e1 nh\u00e2n c\u1ee7a m\u00ecnh.<\/p>\n<\/li>\n<li data-start=\"4192\" data-end=\"4326\">\n<p data-start=\"4194\" data-end=\"4326\">Qu\u00fd kh\u00e1ch c\u00f3 th\u1ec3 y\u00eau c\u1ea7u <strong data-start=\"4219\" data-end=\"4266\">C\u00d4NG TY TNHH THI\u1ebeT B\u1eca V\u00c0 PH\u1ee4 KI\u1ec6N HO\u00c0NG ANH<\/strong> ng\u1eebng g\u1eedi th\u00f4ng tin qu\u1ea3ng c\u00e1o, khuy\u1ebfn m\u00e3i b\u1ea5t c\u1ee9 l\u00fac n\u00e0o.<\/p>\n<\/li>\n<li data-start=\"4327\" data-end=\"4434\">\n<p data-start=\"4329\" data-end=\"4434\">M\u1ecdi y\u00eau c\u1ea7u li\u00ean quan \u0111\u1ebfn d\u1eef li\u1ec7u c\u00e1 nh\u00e2n vui l\u00f2ng g\u1eedi v\u1ec1 email ho\u1eb7c s\u1ed1 \u0111i\u1ec7n tho\u1ea1i li\u00ean h\u1ec7 c\u1ee7a c\u00f4ng ty.<\/p>\n<\/li>\n<\/ul>\n<hr data-start=\"4436\" data-end=\"4439\" \/>\n<h3 data-start=\"4441\" data-end=\"4469\"><strong data-start=\"4445\" data-end=\"4467\">8. Cam k\u1ebft b\u1ea3o m\u1eadt<\/strong><\/h3>\n<p data-start=\"4470\" data-end=\"4677\">Ch\u00fang t\u00f4i t\u00f4n tr\u1ecdng v\u00e0 b\u1ea3o v\u1ec7 quy\u1ec1n ri\u00eang t\u01b0 c\u1ee7a kh\u00e1ch h\u00e0ng. M\u1ecdi th\u00f4ng tin c\u00e1 nh\u00e2n \u0111\u01b0\u1ee3c thu th\u1eadp v\u00e0 s\u1eed d\u1ee5ng \u0111\u1ec1u tu\u00e2n th\u1ee7 quy \u0111\u1ecbnh c\u1ee7a ph\u00e1p lu\u1eadt Vi\u1ec7t Nam v\u00e0 ch\u1ec9 nh\u1eb1m m\u1ee5c \u0111\u00edch ph\u1ee5c v\u1ee5 t\u1ed1t nh\u1ea5t cho Qu\u00fd kh\u00e1ch.<\/p>\t\t\t\t\t\t\t\t<\/div>\n\t\t\t\t\t<\/div>\n\t\t\t\t<\/div>\n\t\t\t\t<\/div>\n\t\t","protected":false},"excerpt":{"rendered":"<p>CH\u00cdNH S\u00c1CH B\u1ea2O M\u1eacT TH\u00d4NG TIN C\u00d4NG TY TNHH THI\u1ebeT B\u1eca V\u00c0 PH\u1ee4 KI\u1ec6N HO\u00c0NG ANH c\u00f4ng b\u1ed1 Ch\u00ednh s\u00e1ch b\u1ea3o m\u1eadt n\u00e0y nh\u1eb1m gi\u00fap Qu\u00fd kh\u00e1ch hi\u1ec3u r\u00f5 v\u1ec1 nh\u1eefng th\u00f4ng tin m\u00e0 ch\u00fang t\u00f4i thu th\u1eadp, l\u00fd do ch\u00fang t\u00f4i thu th\u1eadp, c\u0169ng nh\u01b0 c\u00e1ch th\u1ee9c Qu\u00fd kh\u00e1ch c\u00f3 th\u1ec3 qu\u1ea3n l\u00fd, c\u1eadp [&hellip;]<\/p>\n","protected":false},"author":1,"featured_media":0,"parent":0,"menu_order":0,"comment_status":"closed","ping_status":"open","template":"","meta":{"footnotes":""},"class_list":["post-3","page","type-page","status-publish","hentry"],"_links":{"self":[{"href":"https:\/\/diencongnghiepphutho.com\/index.php?rest_route=\/wp\/v2\/pages\/3","targetHints":{"allow":["GET"]}}],"collection":[{"href":"https:\/\/diencongnghiepphutho.com\/index.php?rest_route=\/wp\/v2\/pages"}],"about":[{"href":"https:\/\/diencongnghiepphutho.com\/index.php?rest_route=\/wp\/v2\/types\/page"}],"author":[{"embeddable":true,"href":"https:\/\/diencongnghiepphutho.com\/index.php?rest_route=\/wp\/v2\/users\/1"}],"replies":[{"embeddable":true,"href":"https:\/\/diencongnghiepphutho.com\/index.php?rest_route=%2Fwp%2Fv2%2Fcomments&post=3"}],"version-history":[{"count":6,"href":"https:\/\/diencongnghiepphutho.com\/index.php?rest_route=\/wp\/v2\/pages\/3\/revisions"}],"predecessor-version":[{"id":285,"href":"https:\/\/diencongnghiepphutho.com\/index.php?rest_route=\/wp\/v2\/pages\/3\/revisions\/285"}],"wp:attachment":[{"href":"https:\/\/diencongnghiepphutho.com\/index.php?rest_route=%2Fwp%2Fv2%2Fmedia&parent=3"}],"curies":[{"name":"wp","href":"https:\/\/api.w.org\/{rel}","templated":true}]}}